 5*s + 17. Suppose -5*d + 4 = -t - 331, 3*d - 179 = 5*t. Is 14 a factor of 11 + -9 + d + s?
False
Suppose 2*y = -5*l + 2657, -5*y + 841 + 1288 = 4*l. Is l a multiple of 37?
False
Suppose -4*z = 2*i + 12, -2*i - i = 12. Let g be (3/1)/(z + 0). Does 5 divide (g + (-3)/3)*-3?
False
Suppose s - 28 + 10 = -5*v, -9 = -5*v + 2*s. Suppose 48 = -2*h + v*h. Suppose 3*g + 0 = -3*d + h, 0 = -5*d - 3*g + 72. Is d a multiple of 6?
True
Suppose -5*d = 2*r - 21, 0 = -2*d + 5*d + r - 13. Suppose d = 2*i + s - 252, 3*i - 387 = -3*s. Let t = i - 59. Is 23 a factor of t?
True
Let w(m) = 6*m - 59. Is w(42) a multiple of 4?
False
Let w be (-2)/((-40)/(-15)) + 30/8. Suppose -3*s - w = 0, -5*s + 318 + 17 = 4*c. Does 4 divide c?
False
Suppose -7*c = -3*t - 8*c - 13, 0 = -5*t - 2*c - 22. Is 30 a factor of (15/(-2))/(3*t/576)?
True
Suppose -s = f - 3, -5*f + s = -s - 1. Let u = f - -1. Is 20 a factor of ((-104)/(-12) - u)*3?
True
Let q = 7 - 7. Suppose -4*t = -q*t. Suppose 7 = -t*w + w. Is 6 a factor of w?
False
Let v(j) = 2*j + 7. Let f be v(-2). Suppose -f*q - 2 = -14. Is 4 a factor of q?
True
Let s(r) = -r. Let l be s(-4). Let i be (10/(-4))/((-2)/l). Suppose 84 = 3*h + 5*c - 78, -i*c = -3*h + 162. Is 31 a factor of h?
False
Let o(j) = -60*j + 50. Let f(d) = -12*d + 10. Let l(c) = -14*f(c) + 3*o(c). Let k(n) = -n**3 - 2*n - 7. Let a be k(0). Is 35 a factor of l(a)?
False
Let c(p) = 216*p**3 + p**2 - 1. Is 18 a factor of c(1)?
True
Let u = -5 - -26. Let i = u + -29. Let s = i + 34. Is 23 a factor of s?
False
Suppose 3*n = -5*f - n + 22, -f + 2*n + 10 = 0. Let k(m) = -m**3 + 7*m**2 - 3*m + 8. Does 12 divide k(f)?
False
Suppose -3*c + 0*c - 3*t + 882 = 0, -3*c = -3*t - 906. Suppose -6*g - c = -1612. Does 18 divide g?
False
Let m(i) be the second derivative of -2*i**2 + 0 - 2*i + 5/3*i**3. Is 13 a factor of m(3)?
True
Let j = -541 - -637. Is 24 a factor of j?
True
Suppose 46 = -5*l + 2*o - 0*o, o + 32 = -3*l. Let y = l - -33. Is y a multiple of 15?
False
Let l = 344 - 254. Is l a multiple of 15?
True
Let t = 166 - 64. Is t a multiple of 27?
False
Let z(a) = -a + 9. Let s be z(6). Let b be 4/(-2*1/(-2)). Suppose -s*r + 30 = j + r, b*r = 8. Is 21 a factor of j?
False
Suppose 0*l = -2*x - 2*l + 170, -5*l - 215 = -3*x. Let u = -47 + x. Let o = u + -15. Does 9 divide o?
True
Suppose -4*q + 2*q = -8, -4*a - 3*q + 20 = 0. Suppose -4*r + a*i = -514, 0 = -r + 4*i + 48 + 98. Is r a multiple of 22?
False
Suppose -3*v = -4*o + 9664, 0 = -4*o - 5*v - 0*v + 9664. Is o a multiple of 16?
True
Let f(o) = o**2 + 22*o + 36. Let h be f(-20). Let c(m) = -29*m - 29. Does 29 divide c(h)?
True
Suppose 19*f = 23*f - 16. Suppose 3*a = 4*j + 14, -3*a + 8*a - f*j - 18 = 0. Suppose 0 = -s - 2*m + 17, -5*s - a*m + 52 = -3*m. Is s a multiple of 5?
False
Let s = 30 - -33. Let r be (-2)/(3 - 1) + s. Suppose -4*m - 167 = -5*q, 6*q - 4*q = 4*m + r. Is q a multiple of 35?
True
Let l = 20 - 15. Suppose -7*x + l*x = 0. Suppose -7*v + 5*t = -2*v - 575, x = 5*v + t - 581. Does 18 divide v?
False
Suppose 5*r - 4797 = -3*l, 2*r - l - 1428 = 493. Does 24 divide r?
True
Suppose -4*f - 52 = 4*n, 4*f - 5*f - 5*n = 29. Let j be (3/(-4))/(f/24). Suppose -4*p + j*p - t = -11, 3*t = -2*p + 5. Is p a multiple of 5?
False
Suppose l - 9 = -4, -5*l + 23 = -2*s. Let r(v) = 32*v**2 + v - 1. Is 6 a factor of r(s)?
False
Let m = -15 - -15. Let y be 4 - 3 - (-20 + m). Let q = 34 - y. Is q a multiple of 13?
True
Suppose -29*z = -7*z - 2552. Is z a multiple of 17?
False
Let k(r) = -12*r - 7. Let p be k(-2). Suppose p*j = 4*j + 2262. Is 13 a factor of j?
False
Suppose 0 = w - 6*w + 325. Suppose -3*m - 26 + w = 0. Is m a multiple of 6?
False
Suppose 0*i = 11*i - 1353. Suppose -3*d - 2*m + i = -5*m, 2*m = 4*d - 170. Is 6 a factor of d?
False
Suppose 230*w + 6050 = 252*w. Is w a multiple of 6?
False
Let i be 1660/50*5/2. Suppose -3*h + 34 = -i. Does 13 divide h?
True
Does 4 divide 6*(51/6 + 7)?
False
Suppose -10 - 10 = -5*o. Let d = 25 - -168. Suppose -o*h = -d + 45. Is h a multiple of 14?
False
Let o(s) be the second derivative of -s**6/360 + s**5/60 + 7*s**4/12 + s. Let l(x) be the third derivative of o(x). Is l(-5) a multiple of 4?
True
Let m(s) = -9*s - 49. Let o be ((-18)/(-4))/((-2)/4). Is 7 a factor of m(o)?
False
Let m = -52 - -126. Is m a multiple of 37?
True
Let g(d) = 476*d**2 + 22*d - 22. Is 17 a factor of g(1)?
True
Let q(m) = m**3 - 7*m**2 + 8*m - 6. Let r be 2/(-3 - 30/(-9)). Let g be q(r). Suppose 0 = -i + g*i - 120. Is i a multiple of 10?
False
Suppose -10*g + 5*g + 940 = 0. Is g a multiple of 47?
True
Let z = -319 + 33. Does 24 divide z/(-4) + 1/2?
True
Suppose -3*v - 113 = -2*j - 2*v, 0 = 3*j - 3*v - 168. Let p = -17 + j. Is 27 a factor of p?
False
Let r(f) = -f**3 - 13*f**2 + 48*f + 21. Is 14 a factor of r(-16)?
False
Suppose -b + 3 = -0. Suppose -b*u + o = -3 - 152, 0 = -u - 5*o + 25. Let g = u - 15. Is 30 a factor of g?
False
Let y = 799 + -631. Is y a multiple of 6?
True
Let v(d) be the second derivative of -d**5/20 + 13*d**4/12 + 9*d**2 + 26*d. Is 30 a factor of v(6)?
True
Let x = -21 - -23. Suppose -2*b + x*o = 0, b + 10 = 4*b - 5*o. Let r = 21 + b. Is 3 a factor of r?
False
Let k = -7 + 34. Let r = -239 + 110. Does 5 divide 2/9 - r/k?
True
Suppose -8*f + 379 = -1565. Is 27 a factor of f?
True
Suppose 2*w + 4*l = 142, -l = -2*w - 4*l + 138. Is w a multiple of 3?
True
Let w = -12 + -3. Let a(p) = p + 17. Let y be a(w). Suppose -2*v - 4*g = -32, v + y*g = -2*g + 16. Is 16 a factor of v?
True
Suppose 15*c + 5771 - 20396 = 0. Is c a multiple of 25?
True
Suppose -273 - 407 = -4*t. Let k = t - 98. Is 9 a factor of k?
True
Suppose 3*m + 0*l - 578 = -2*l, 387 = 2*m + 3*l. Is m a multiple of 22?
False
Let g be ((-15)/(-10))/((-12)/(-416)). Suppose -3*l + 4*y + g = -2*l, -2*l + 2*y + 116 = 0. Is 16 a factor of l?
False
Suppose 0 = 4*f - 363 - 1821. Does 39 divide f?
True
Suppose o + 8 + 47 = 0. Let g = o - -160. Is 30 a factor of g?
False
Let o = -172 - -341. Suppose 3*j + 86 = z - 0*j, 2*z - 3*j = o. Is z a multiple of 32?
False
Suppose 0 = -2*s + 3*n - n - 12, -s = -2*n + 10. Is 3 a factor of s - -2 - (-41 - (-9 - -5))?
False
Suppose -102 = 5*z + 3. Let a be 3/6 + -2 + 55/(-2). Let x = z - a. Is 3 a factor of x?
False
Let n = -447 - -645. Does 33 divide n?
True
Let a = -244 - -43. Let m = 383 + a. Does 33 divide m?
False
Suppose 0 = 10*a - 7*a - 405. Suppose 4*r - a = v, -3*r - 5*v - 147 = -7*r. Is r a multiple of 3?
True
Is (-4)/((-4)/109) + -1 a multiple of 14?
False
Let r(o) = -o**3 + 10*o**2 - 17*o + 28. Is r(8) a multiple of 10?
True
Suppose 5*g - 13 = 12. Suppose -5*s = 4*n + 863, -g*s - 881 = -3*n + n. Is 8 a factor of s/(-20) + 1/4?
False
Let j(p) = -2*p + 34. Let u be j(17). Suppose u = 7*i - 447 - 36. Does 14 divide i?
False
Suppose 4*m + 4*h - 1224 = 0, 3*m = -60*h + 62*h + 938. Is 62 a factor of m?
True
Let u(r) = -117*r - 27. Does 36 divide u(-2)?
False
Let w(n) = -n**2 - 7*n + 29. Let j be w(13). Let x = 483 + j. Is x a multiple of 14?
True
Let y = -21 + 24. Let i(r) = 1 - 1 + 0*r - 5*r - 2*r**2 + r**y. Is 10 a factor of i(5)?
True
Let c = 22 - 7. Suppose 0 = -3*a - 4*q + c + 43, -4*a + 75 = 3*q. Is 7 a factor of (-2)/(-9) + 428/a?
False
Let m(j) = j**3 + 2*j - 1. Let u be m(2). Let h(l) = l - 7. Let w be h(u). Suppose -w*p - 96 = -3*f, -f + 5*p + 21 = -0*f. Does 12 divide f?
True
Suppose j + 2*m - 295 = -3*m, -3*m + 1129 = 4*j. Does 40 divide j?
True
Let w(x) be the third derivative of x**8/6720 - x**7/1680 + x**6/360 - x**5/60 - 8*x**2. Let m(c) be the third derivative of w(c). Is m(-2) a multiple of 18?
False
Let a(p) = 13*p + 8. Let j(v) = -14*v - 8. Let y(t) = -5*a(t) - 4*j(t). Let r be y(-9). Suppose 3*d = 41 + r. Is 19 a factor of d?
True
Let z be (5*3)/((-7)/(-14)). Suppose 0 = -4*t + 20, -t - 3*t = 2*k - z. Let l(h) = h**3 - 6*h**2 + 7*h + 1. Is 3 a factor of l(k)?
False
Let k be ((-18)/(-12) + -1)/((-1)/(-54)). Is k/(-1 + 2) + (0 - -3) a multiple of 8?
False
Suppose 0 = 2*u + 2*u - 4*b - 3980, -3*b = u - 995. Suppose 1465 + u = -5*n. Is 11 a factor of n/(-8) + (-3)/(-2)?
False
Let y be 62/(-6) + 9/27. Let n = y + 7. Let z = n - -18. Is 5 a factor of z?
True
Let g be ((-6)/(-4))/((-4)/(-9 + 1)). Suppose 0 = -5*r + s + 215, r - 23 = -g*s + 36. Is r a multiple of 17?
False
Let z be (38/(-7) -